 45 - -31).
2
Calculate 47 + (28 + -91 - 24).
-40
(-16 - (-60 - -94)) + -10
-60
Evaluate (83 - -4 - (-42 - -61)) + -17.
51
What is the value of -18 + -20 + (31 - -1) + -52?
-58
Calculate 49 + (9 - (-10 + (4 - (-28 - -8)))).
44
-1 - -61 - (3 + 10 + -8 - (1 - -6))
62
Evaluate 78 + -64 + -32 - -61.
43
What is (226 + -476 - -244) + 24 + 0 + -1?
17
Evaluate 181 + -165 - (-2 - (5 + -6 + 4)).
21
What is the value of (-14 - 5 - -14) + 1 + -69 + -19?
-92
Calculate (41 + (-75 - -129) - (1 - -18)) + 21.
97
Calculate -22 - ((-6 - 5) + 24 - 10).
-25
Evaluate -1 - ((-4 - (-1 + -101 + (198 - 197))) + 0).
-98
Evaluate 33 + (34 - (-22 - -121)).
-32
Evaluate 0 - 38 - (-112 - -41).
33
What is 69 + (-1 - (-5 - -5) - ((19 - -4) + -12))?
57
Evaluate -18 - -97 - (-14 + 164).
-71
Calculate (10 - (4 + 1)) + (91 - 128).
-32
Evaluate 12 + -111 - (5 + 16).
-120
What is the value of 0 - (35 + 18 + 23) - -5?
-71
What is (13 - -2 - ((0 - -51) + -90)) + 8 + -2?
60
Evaluate -34 + 47 + (-61 - -19) + (-2 - -1).
-30
-25 + (-1 - 4) + 30 - (-13 - (-1 + -1))
11
Evaluate -18 + -24 - (3 - (-1 + (4 - 11))) - -10.
-43
Evaluate -67 + 76 + -14 + 23.
18
Evaluate -55 + -4 + 4 + -5 + 9 + 16.
-35
What is -70 - 4 - -39 - -19 - -5?
-11
What is 76 + -49 + (-3 - 3 - -8)?
29
Evaluate (-14 - -1) + 1 + 5 + (17 - 1) + -55.
-46
Evaluate -19 - (-109 - -41 - -49).
0
What is the value of 42 + (-31 - 10 - -31)?
32
What is (53 - 51) + 77 + (4 - 37)?
46
Evaluate -10 - (7 + (81 + 3 - 4 - (-55 + 57))).
-95
-30 - (-48 + 17 + -4)
5
27 + 3 - (-5 - (28 + -20) - (-4 - 2))
37
What is 32 + -94 + 73 + -46?
-35
Evaluate -41 + 45 + -14 + (-2 - 1 - -3).
-10
21 - 15 - -1 - (-320 - -235)
92
What is -15 - (-34 + 86) - -124?
57
Evaluate 28 + -6 + 0 + -38 + 28 + -29.
-17
Evaluate -3 + 3 - (29 - (-27 - 27)).
-83
Evaluate (16 - 29) + 91 + -129.
-51
Calculate 9259 - 9186 - (134 - 1).
-60
What is (3 + -10 - 4) + (2541 - 2470)?
60
Calculate 146 + 1 - (18 + 2 + (28 - 38) - 1).
138
-9 + (-9 + -16 - (15 + -42))
-7
What is the value of 8 + (8 - 11 - 17) + 4 + (-18 - 10)?
-36
What is (96 - 57) + 2 - 51?
-10
What is the value of 6 - -1 - (-74 + 5 + 20)?
56
Calculate 23 + (-16 - 0) - (-12 + 4 + 6 - -34).
-25
What is (-68 - -70 - (-47 - -2)) + (31 - 14)?
64
What is -10 - ((50 - (23 + 32)) + (-9 - 2) - -49)?
-43
What is 14 - (56 - (-4 + (-1 - (-12 + 12 + -14))))?
-33
Calculate -13 + (-20 - 109) + (-9 - -6) + 2 + 13.
-130
What is the value of -10 + (-8 - ((-1 - 12) + 13 + -15))?
-3
What is -22 - (1827 + -1809 - (103 - 2 - 1))?
60
What is (-6 - (-13 - -19)) + (11 - 0)?
-1
Evaluate -14 - -4 - ((-15 - -9) + 63).
-67
-3 - (16 - (-23 + 12 + 15))
-15
(93 - (86 - 39)) + 5
51
What is -13 + 68 + -10 - (-31 - -13)?
63
Evaluate 12 + -7 + (-2 + -2 - (-19 + 55 + -43)).
8
Calculate 43 + (11 - (21 - (19 - (12 + 0)))).
40
What is the value of 9 + (10 - (17 - -5 - -15))?
-18
(8 - 11 - 4) + -101 + 41 + -31
-98
0 - (-16 + (9 + -3 - 7))
17
What is (-13 - (-19 + 13 + 9 - -60)) + 1 + 3?
-72
What is the value of -6 - (25 + (-6 - 41) - -15)?
1
What is the value of 14 + -22 + 4 + -1 - (-4 - -1)?
-2
Evaluate (5 - 2 - (3 + -6 + -7)) + -6 + 4.
11
Evaluate -9 - 1 - ((17 - 8) + (-127 - -27)).
81
Calculate (13 - (-3 - (-7 + -3)) - 11 - 30) + -7.
-42
What is the value of -4 + 2 + (-7 + (-14 - 75) - -7)?
-91
Evaluate (22 - (31 + -21)) + 18 - (9 + 0).
21
(2 + -4 - (197 + -224)) + -22
3
Evaluate (-65 - -65) + -2 + (152 - (-6 - -7) - 2).
147
What is -10 - 24 - -27 - 21?
-28
What is 19 + (0 - 3) + -44 + 17 + 51?
40
(2 - ((-11 - -24) + 0 + -16)) + (0 - -8)
13
What is the value of (-1 - 3) + (-140 - (132 + -250))?
-26
Calculate 38 + -69 + (6 + -41 - -8).
-58
Evaluate 7 + 24 + -16 + (41 - (-3 + 4)).
55
(-11 + 8 - -18) + (14 - 20) + -74
-65
What is 11 - 0 - (36 - (41 + -15 + 10))?
11
Calculate -22 - (-168 + 21 + 15).
110
Calculate (83 + -3 + -4 - 8) + -4 + -3 + 18.
79
What is the value of (1 + -14 - -16) + (-68 - -2) + 8?
-55
Evaluate -7 + (4 + 94 - 13).
78
Calculate (126 - 72 - 40) + (-2 + 39 - (7 + -4)).
48
18 + (-24 - (33 - -3 - 37))
-5
What is the value of (64 - (-2 + -16 + 15) - 10) + (12 - 1)?
68
What is -12 - (-9 + 3 - 5) - 39?
-40
What is -17 + 6 + 13 + -73 + 2 + (-19 - -19)?
-69
Calculate -151 + 139 - ((-1 - -3) + -3) - 83.
-94
Evaluate 1 + -11 + -4 + 29 + -13.
2
What is the value of -4 - (2 + 49 + 1 + -2) - (136 - 141)?
-49
Evaluate -1 + 4 + -9 - (36 + -20).
-22
-8 + (-11 - -5 - -25) + -24
-13
What is -3 + 62 + -6 + -1229 + 1216?
40
Evaluate 50 + 105 + -180 + 42.
17
What is the value of -1065 + 1073 + (0 - 44)?
-36
-4 + (-9 + 5 + 7 - (2 - 11 - -3))
5
What is the value of -10 + (-14 - -21 - 22) - 16?
-41
Evaluate (-138 - -6) + 151 + -1 + 35.
53
What is the value of (2 - (-19 - (3 - 14))) + -72 + (5 - -7)?
-50
What is (-4 + 37 + -21 - 21) + (-2 - 31 - 1)?
-43
Calculate 75 - (13 + (-3 - 11) + 22).
54
Calculate -207 + 209 + (6 - 22 - 0).
-14
Calculate 4 - (1 + -24) - (-2 + -45).
74
What is (-66 - (-2 - -1)) + (-13 + -77 - -109)?
-46
What is -26 + 19 + -12 + 26 + -5 - (0 - 3)?
5
What is 20 + 15 + -88 - -53?
0
Evaluate -30 - -7 - (94 - 146).
29
Calculate (-20 - 6) + 4 + 0 - (111 + -123).
-10
Calculate -25 + (116 - (69 + -18)).
40
Calculate (0 - -20) + (5 - 19) + (7 - (36 + 1)).
-24
What is the value of (5 - 10) + -3 - (415 + -544)?
121
Evaluate 9 - 0 - (5440 - 5400).
-31
(-9 + 0 - (-7 + (-29 - -57 - 25))) + -51
-56
-41 - (-26 - (-2 + -13)) - 5
-35
What is 0 - 35 - (121 + -113 - (-1 + 2))?
-42
What is the value of 5 + (-59 - (13 + -42)) + 1 + 4?
-20
Evaluate (-107 - -103) + (2 - -2) + -17 + -2.
-19
What is the value of 345 + -270 - (9 + 30)?
36
Evaluate 2037 + -2177 + (122 - 9).
-27
Calculate 4 - ((77 - -1) + -9 - 14).
-51
Calculate (8 - 25) + 10 + 80 + -17 + 1.
57
Calculate (55 - 5) + (16 - (9 - -5) - 7).
45
Calculate (24 - 23 - 16) + -7 - (1 + -12).
-11
14 + (-3 - -2) - (-103 + 124)
-8
What is (36 - (0 - (38 - 19))) + -17?
38
What is the value of -556 - -526 - (-24 + -4 + 14)?
-16
Calculate -28 + 38 + (-10 - (-28 + 1 + 8)).
19
Calculate 28 + -1 + (139 - 196) + 77.
47
What is the value of 46 - (-21 - (-131 - -15))?
-49
What is the value of -9 + 92 - (41 + -74 + 56)?
60
-1 + -10 + (-118 - (115 + -216))
-28
What is the value of (138 - 52) + -21 + (43 - 5)?
103
Evaluate (-20 - 9 - -3 - -5) + 28 + 30.
37
What is the value of -89 - (-10 + (-25 - (12 + -23)) + 37)?
-102
Calculate -17 + (27 - 10) + 23 + -76.
-53
What is 26 + 2 + (-1 + -1 - -2 - 0) + 0?
28
Evaluate 109 + -88 + (17 + -3 - 2) + -1.
32
What is 44 - ((27 - -15) + 13)?
-11
What is the value of -1 - -30 - (29 - (30 + -5))?
25
Evaluate -140 + -1 - (-18 + -12 + 60 + -9 + -31).
-131
Evaluate (5 - 2) + 8 + (-13 - -16) + -19 + 95.
90
Evaluate 65 + -21 + (34 - 32) + -17.
29
-82 - (9 + -1 - (-49 + 33 + 34))
-72
What is (-12 - -18) + (10 - (12 + -7 + 10))?
1
What is -60 + (4 - (-4 + -10 + (12 - 4))) + 0?
-50
Calculate 43 - (-41 + (26 - -17)).
41
What is (84 - 51) + 18 - 62?
-11
What is (17 + -2 - 27 - -56) + -5?
39
Calculate 6 + -13 + 20 + -20 + (-2 - -19).
10
(134 + -171 - -21) + (116 - 2) + 0
98
Evaluate -10 + (-1 - -39 - -4) + (-12 + 14 - 6).
28
Calculate -22 + -5 - (36 + (42 - 86)).
-19
What is (-33 + -154 - -57) + 148?
18
What is the value of 5 + (43 + 1 - (-1 - -10 - (13 - 4)))?
49
Calculate -34 + 122 - (56 - 41).
73
Evaluate 0 + -1 + 2 + 6 + -29884 + 29845.
-32
(-5 - 3) + -17 + 35 - (2 - (2 - 2))
8
Evaluate (865 - 896) + -5 + -1.
-37
Calculate (-2 - -10) + -62 + (-13 - (7 + -23 - -14)).
-65
Calculate (39 - 20) + (9 + -7 - -3) + 8 + 14.
46
Calculate (2 - 22) + 32 + -39 + -5 + (0 - -11).
-21
Evaluate -3 - (-14 - 27) - (-9 + (3 - -4) + 7).
33
(-9 - (26 - 28 - (-22 + 12))) + 5
-12
What is -55 + 46 - 39 - (1 - 16)?
-33
Evaluate 7 + 2 - ((45 - 16) + -67).
47
What is the value of 39 - 2 - (0 + 1 + 2 + (-20 - -11))?
43
Calculate -7 + 127 - 77 - 56.
-13
Evaluate -8 + (35 - (7 - 13)) + (97 - 108).
22
What is ((-5 - 1) + 1 - (10 - 6)) + -17 + 1?
-25
Evaluate 40 - (15 - -20) - 19.
-14
Evaluate (-23 - -23) + 20 + 1 + 12 + 4.
37
What is -108 - (16 + 0 + 17 + (-40 - -20))?
-121
Calculate (34 - 54) + 18 - -2 - 3.
-3
(-10 - 9) + (-50 - (-97 - -35))
-7
Evaluate -188 + 164 + (0 - 1) + 15 + 50 + 0.
40
-5 + -2 + (-10 - (10 + -23)) - 69
-73
Evaluate 6 + (7 - (-1 - -3)) + -299 + 286.
-2
-3 + (-9 - -28) - (-86 + 53)
49
Calculate -12 + 0 + (1